(-5)/q). What is the highest common factor of 3 and y?
3
Let z(o) = 4*o**3 - 17*o**2 + 46*o. Let m be z(4). Calculate the greatest common factor of m and 126.
42
Suppose 0 = w - 5*t - 2, -3*t + 10 = 2*t. Suppose -5*i = -35 - 25. What is the greatest common factor of w and i?
12
Suppose 2*f - t - 6 = -2*t, -3*f + t + 19 = 0. Suppose 7*n - 5*n - 36 = 3*h, -132 = -f*n - 3*h. What is the highest common divisor of n and 48?
24
Let v(q) = -q**3 - 6*q**2 + 8*q - 10. Let u(c) = -4*c + 8. Let d be u(4). Let t be v(d). Calculate the highest common factor of 18 and t.
18
Suppose -57 = -4*g - 17. Suppose -3*d = -6*d. Let x(b) = b**3 + 20. Let t be x(d). What is the greatest common divisor of g and t?
10
Let u = 14 - 12. Suppose 170 = u*w + 8*w. Calculate the highest common divisor of 17 and w.
17
Let r(h) = 2*h**2 - 2*h - 1. Let q be r(-1). Suppose 72 = k + 2*o, 0*k + k + 5*o = 87. Suppose 61*c = k*c - 15. Calculate the highest common divisor of q and c.
3
Let b = -310 + -269. Let u = b - -287. Let h be u/(-20) + 4/10. Calculate the highest common divisor of h and 45.
15
Suppose -37*w - 5*q = -32*w - 425, -2*w + 170 = q. Calculate the greatest common divisor of 17 and w.
17
Suppose 5*s = 7*m - 3*m - 265, 3*s + 131 = 2*m. What is the greatest common divisor of 56 and m?
14
Let y(q) = q**2 - 30*q - 59. Let t be y(-2). Calculate the highest common factor of 395 and t.
5
Suppose 25*d - 546 = 12*d. What is the highest common factor of 2226 and d?
42
Let x(z) = 19*z**2 - 25*z - 25. Let c be x(-1). What is the greatest common factor of c and 1273?
19
Let n = 10 - -3. Let v be (32/12)/(4/6). Suppose 200 = 4*j - 2*a, v*a + a = -3*j + 176. Calculate the highest common divisor of j and n.
13
Suppose 126*k = 29*k + 388. Calculate the greatest common divisor of k and 134.
2
Let i(g) = -3*g + 2. Let s be i(2). Let q(y) = y**3 + 2*y**2 - 8*y + 4. Let x be q(s). What is the highest common factor of x and 4?
4
Let s(u) = -u + 1. Let x(k) = -k**2 - 8*k. Let q(g) = -6*s(g) + x(g). Let a be q(-3). Let n = a - -24. What is the highest common factor of n and 120?
15
Suppose 6*v = 7*v - 120. What is the highest common factor of 72 and v?
24
Let i = 29 - -21. Let y be (10/(-15))/((-2)/24). Suppose -6*o + y*o = 40. What is the greatest common divisor of o and i?
10
Let q(h) = h**3 + 7*h**2 - 15*h + 7. Let u be q(-7). Calculate the highest common factor of 80 and u.
16
Let d(m) = -52*m. Let i be d(-3). Let j(y) = 8*y - 35. Let x be j(6). Calculate the highest common factor of i and x.
13
Suppose 612 = 2*w + 10*w. Suppose -w = -2*o + 13. Calculate the greatest common factor of o and 40.
8
Let b(s) = s**3 - 3*s + 8. Let f be b(2). What is the greatest common divisor of f and 20?
10
Suppose -z + 9*m + 66 = 10*m, -z = 4*m - 66. What is the greatest common divisor of 2 and z?
2
Suppose 4*i - 44 = -4*k, -i = 5*k - 217 + 198. Suppose 0 = -3*y + 2 + 1. Calculate the greatest common factor of i and y.
1
Let s be ((-18)/12)/(-5 - 7885/(-1580)). Calculate the greatest common divisor of 2 and s.
2
Let m = 3470 + -1893. What is the highest common factor of 38 and m?
19
Suppose 2*j - 19 = z, -5*j + 73 = -3*z + 27. Let p = 33 + -25. Suppose -2*b = -p*b + 66. Calculate the greatest common divisor of b and j.
11
Let w = 7 + 4. Suppose -4*s + w = -2*x - x, 4*x - 17 = -s. What is the greatest common factor of x and 33?
3
Suppose 0 = 3*c + 6, -3*d + 5*c + 56 = 16. Let s = -11 + d. Let y be (-164)/(-8 + 4) - s. Calculate the highest common divisor of y and 21.
21
Let v = 2 + 40. Suppose 30*r + v = 33*r. Calculate the highest common divisor of r and 126.
14
Suppose -2*u + f + 21 = 2*f, -5*f + 65 = 5*u. Suppose u*t - 3*t - 115 = 0. Calculate the highest common divisor of 23 and t.
23
Let j(n) = n**3 - 4*n**2 + 5. Let r be j(2). Suppose -3*l + 0*l - 54 = 0. Let t be -4 - (-1 - (r - l)). What is the greatest common factor of t and 48?
12
Suppose -2*r = -g - 4 - 2197, -r = -g - 1099. Calculate the highest common factor of r and 58.
58
Let g(h) = -166*h - 125. Let z be g(-7). Calculate the greatest common factor of z and 17.
17
Let w be 8/(-36) - 2/(-18)*47. Suppose -2*n - 4*r + 224 = 2*n, w*r = 4*n - 251. Calculate the highest common factor of n and 59.
59
Let l = 10 - 10. Suppose l*s + 25 = -5*s. Let b(i) = 2*i**2 + 4*i - 5. Let w be b(s). Calculate the greatest common factor of w and 25.
25
Let t be (-1609)/(-3) - 18/54. What is the highest common divisor of 8 and t?
8
Suppose -3*n - 5*r = -127 + 21, -4*r - 152 = -5*n. Suppose 0 = -5*j - n + 152. Let k = -347 + 467. Calculate the greatest common divisor of k and j.
24
Suppose -4*w + 532 = 8*g - 6*g, -2*w + 266 = 2*g. Calculate the highest common factor of 7 and w.
7
Suppose -2*v - 2*o = 116, o = -4*v + 4*o - 225. Let s = 68 + v. Suppose 3*i - 363 = -0*i. What is the greatest common factor of i and s?
11
Suppose 3*v + 12 = 0, 2*k + 0*v - 156 = -v. Suppose 0 = 2*t - t - 3. Let a be 40*(t/(-5) - -1). Calculate the greatest common factor of a and k.
16
Let k = -174 - -119. Let o be 88/k*(-70)/4. What is the greatest common factor of o and 7?
7
Suppose 128*u - 131*u = -567. What is the greatest common divisor of 315 and u?
63
Let a(d) = 43*d - 267. Let i be a(36). Calculate the greatest common divisor of i and 42.
21
Suppose -11*u - 38 = -214. Suppose -3*i - 34 - 32 = -5*l, -2*l - 2*i + 20 = 0. Calculate the greatest common divisor of u and l.
4
Suppose -3*a + 3*s = -2*a - 23, -10 = 2*s. Let c = a - 7. Let b be (-11*c)/(6/(-24)). Calculate the highest common factor of b and 4.
4
Suppose 2*i - 7*i + 3*n = -15, 4*i - 49 = -5*n. Let b be 595/20 - (-1)/4. Calculate the highest common factor of b and i.
6
Let k be 6/4*10/3. Let x(t) = -8*t**3 + 5*t**2 - 9*t + 11. Let i be x(k). Let w be i/(-6) - 15/(-10). Calculate the highest common factor of w and 17.
17
Suppose 5*n + 0*n = 10. Let o(b) = 2*b**2 + 1 + 0*b**n + b**3 - 4*b**2 + b**2. Let q be o(0). Calculate the greatest common divisor of q and 9.
1
Let j = 121 - 62. Suppose 4*a + 11 - j = 0. Calculate the greatest common factor of a and 18.
6
Let w be 4/(-5) + (-56)/(-20). Suppose 5*o = -20, 0 = -4*y - 5*o + w*o + 68. Calculate the greatest common divisor of y and 10.
10
Suppose 2*v - 98 - 122 = -2*x, -114 = -v - 3*x. What is the highest common divisor of 405 and v?
27
Let o = 63 - -15. Calculate the greatest common factor of 546 and o.
78
Let i be (1 - -26)/(1/1). Let v = 40 + -28. Suppose -51 = -4*w - 3*z, 0*w = 3*w - 3*z - v. Calculate the highest common divisor of i and w.
9
Let j(b) = -b**2 + 10*b - 3. Let t be j(4). Let f be (7/t)/((-2)/(-18)). Calculate the highest common divisor of f and 3.
3
Suppose 7*d + 4*o - 1124 = 3*d, 3*d - 833 = 2*o. Let z = -159 + d. What is the highest common factor of z and 30?
30
Let v be -4 - -3 - -3 - 0. Let u be 3936/112 + v/(-14). What is the highest common divisor of u and 14?
7
Let j be (1 + -17 + 4)/(-2). Let p be (-24)/(-5)*15/j. Calculate the greatest common factor of p and 12.
12
Suppose -34*x + 55 = -29*x. Calculate the highest common divisor of x and 33.
11
Let n be (-72)/(-84) - 128/(-14). Let d be (-50)/(-4)*4/5. Calculate the greatest common divisor of n and d.
10
Suppose 0 = -n - 4*k + 15, 5*n - k - 3*k - 51 = 0. Suppose n*d = 8*d + 27. Calculate the greatest common divisor of d and 3.
3
Let j(d) = -d**2 - d**2 + d**2 - 8*d. Let y be j(-7). Let o = -61 + 62. Calculate the highest common divisor of o and y.
1
Suppose 3*i - 5 = 2*o, -i + 0*i - 5*o = -13. Let h(b) = -b + 9. Let c be h(i). What is the highest common divisor of c and 8?
2
Let d be (18/(-1))/(-5 + 3). Suppose -10 = -3*o + 2*z, 0 = 4*o + z - 2 - 4. Suppose 0 = o*a - 47 - 25. Calculate the highest common divisor of d and a.
9
Let a = -1686 + 2365. Calculate the highest common factor of 194 and a.
97
Suppose 904 - 3172 = -28*n. What is the greatest common factor of n and 216?
27
Let w be ((-10)/15)/((-1)/15). Let g = -370 - -390. What is the highest common factor of g and w?
10
Let u = -9 - -9. Suppose -5*d + 20 = 0, u*d + 3*d = -3*f + 72. Let i be 2/(-6) + 2420/60. What is the greatest common factor of i and f?
20
Suppose 2*f = 2*c + 645 - 69, -5*f - c + 1422 = 0. Calculate the greatest common factor of f and 30.
15
Let n(u) = -2*u - 1. Let s be n(-5). What is the highest common divisor of 9 and s?